+ 676 = 3*m - 503. What is the highest common divisor of m and 341?
31
Let h = 17 + -14. Let f(n) = 4 + 6*n**3 + 6*n - 6*n**h + 0*n**2 + n**2 - n**3. Let y be f(-4). What is the greatest common factor of 15 and y?
15
Let x(n) = 2*n**3 - 8*n**2 + 8. Let b be x(4). Let v(g) = 10*g - 7. Let w be v(b). Suppose w*j - 72*j = 75. What is the greatest common divisor of j and 15?
15
Let o(z) = -z + 3. Let u be (-1)/(((-4)/(-1))/(-392)). Let r = u + -105. Let t be o(r). Calculate the highest common divisor of t and 160.
10
Let d(m) = 15*m - 30. Let c be d(4). Let y(q) = 20*q**2 - 31*q + 167. Let s be y(7). What is the greatest common factor of s and c?
30
Let o be 4 + 2/1 - (678 + -108). Let n = o + 621. Calculate the highest common factor of n and 19.
19
Suppose 5*d - 95 = -3*u, 3*d + 2463 - 2500 = -u. Calculate the highest common factor of 3725 and u.
25
Let i = 88792 + -88699. Suppose 0 = r + 3*n - 112, -2*r = 2*r + n - 492. What is the highest common factor of i and r?
31
Let a = 33 - 37. Let k(v) = v**2 + v - 6. Let w be k(a). Let n be (7 - 1)*w/4. What is the greatest common factor of 18 and n?
9
Suppose 956*u = 969*u - 6422. What is the highest common divisor of 19 and u?
19
Let z(i) = 83*i**2 - 120*i + 235. Let v be z(2). Calculate the greatest common divisor of v and 15.
3
Let v be 30*(6 + 51/(-9)). Let c = -36 + 276. Calculate the highest common factor of v and c.
10
Let s be 0 + (4 - (-2 + 3)). Suppose s*g - 20 = -g. Let t be -26*(g + (-32)/2). Calculate the greatest common divisor of t and 26.
26
Let i be ((-126)/(-15))/(-24 + 241/10). What is the greatest common factor of 1400 and i?
28
Let h = -1716 - -6652. What is the highest common factor of 8 and h?
8
Let n be 34/12 + 2/12. Suppose -105*y + 3960 = -93*y. Let b = -327 + y. Calculate the greatest common divisor of b and n.
3
Let m = -204 - 217. Let b = -361 - m. What is the highest common factor of 10 and b?
10
Let s(o) = -76*o - 35. Let w be s(-15). What is the highest common factor of w and 51?
17
Suppose -o + 3 = -2*c + 7, 0 = -3*o. Suppose 5*z - 3*z + 64 = c*l, l - 3*z = 40. Calculate the highest common factor of 126 and l.
14
Let j be 6/21 - (-10)/(-35). Suppose j = -5*r + o + 809, -r + 143 = -5*o - 38. Calculate the highest common divisor of 7 and r.
7
Let h(u) = u**2 + 53*u - 530. Let z be h(11). What is the greatest common factor of z and 24969?
87
Suppose -v - 8*v + 19*v = 10920. What is the greatest common factor of 525 and v?
21
Suppose 4*k = -2*z + 1056, 0 = 4*z - 5*k - 602 - 1588. What is the greatest common divisor of 240 and z?
60
Let h = 3 - 9. Let g be ((-16)/h)/((-5)/(-15)). Suppose 91*b - 86*b - 7 = 2*t, -3*b + 6 = -3*t. Calculate the greatest common factor of g and b.
1
Suppose 560 = 48*f - 1456. Suppose -8 - 7 = 3*c, -2*o = 5*c - 479. What is the highest common factor of o and f?
42
Suppose -2*r - 78 = -a, -2*a + 5*a - 234 = 3*r. Suppose -25*o = -21*o - 24. What is the highest common factor of o and a?
6
Suppose 0 = -6*q + 9*q - 21. Suppose 3*z + 2 = -16. Let f(x) = 2*x**2 + 6*x - 1. Let r be f(z). Calculate the greatest common factor of q and r.
7
Let w be (4/(-6))/(16/(-576)). Suppose -2*a - 240 = -4*a. Let x be (-32)/(-40)*a/2. Calculate the highest common factor of w and x.
24
Let j(m) = 2*m + 2. Let v be j(-2). Let b = -1 - v. Suppose 31356*g + 1073 = 31454*g + 387. What is the highest common factor of b and g?
1
Let x = 57256 - 57255. Let c(h) = h**3 - 5*h**2 + 2*h - 1. Let d be c(6). Calculate the highest common factor of d and x.
1
Let n be (-3)/(-2) - 2/(-4). Suppose -36*m + 16*m = -9*m. Let p be (76/(-3) + m)/((-4)/6). Calculate the highest common factor of p and n.
2
Let q = 67937 - 46677. What is the highest common divisor of 20 and q?
20
Let a(h) = -h**2 - 5*h + 6. Let u be a(-5). Let x be 2/6*(-36 - -63). Calculate the greatest common divisor of u and x.
3
Let b = 109 - 121. Let w = b - -18. Suppose -4*i + 0*i = -120. What is the highest common divisor of w and i?
6
Let v(w) = -16*w - 26. Let o(a) = -7*a + 2. Let z be o(1). Let q be v(z). Calculate the highest common divisor of q and 3.
3
Let w(s) = s**2 + 104. Suppose -5*a - 20 = 8*z - 7*z, 0 = -5*a - 20. Let d be w(z). What is the highest common divisor of d and 8?
8
Let i be ((-7)/7)/(((-2)/192)/(4/6)). Calculate the highest common divisor of 2848 and i.
32
Let a be (2460/(-90) - -38)*((-306)/4)/(-3). What is the greatest common factor of a and 104?
8
Suppose 4*h + z = 124, -3*z - 18 = -0*h - h. Suppose -3*f - 750 = -8*f + 3*j, 0 = -2*j. Calculate the greatest common divisor of h and f.
30
Let o(y) be the third derivative of 0 + 1/2*y**3 + 5/4*y**5 - 36*y**2 - 1/8*y**4 + 0*y. Let w be o(1). What is the highest common divisor of w and 15?
15
Let l be (18 + 3)*(9/(-15))/((-360)/400). Calculate the highest common divisor of 4438 and l.
14
Let b = -12 + 22. Let k = -223 + 283. Suppose -110*g + k = -106*g. Calculate the greatest common factor of b and g.
5
Suppose 1700 = -2*d - 2*d + 5*n, 16 = 4*n. Let s be d/(-8) + 1/(-6)*3. Let g = s + -42. What is the greatest common factor of 4 and g?
2
Let d = 121 - 120. Let n(u) = -4*u**3 - 2*u**2 - 31*u - 58. Let w be n(-2). What is the highest common factor of w and d?
1
Let o = 12 - -2. Let j = -1210 + 1803. Suppose -3*k - 9 = 0, -2*k = -5*l + 183 + j. What is the highest common divisor of l and o?
14
Let f be (-14102)/396*-9*((3 - -2) + 3). What is the greatest common divisor of f and 4?
4
Let s = 8244 - 7683. What is the greatest common factor of 33 and s?
33
Suppose -22*z = -24*z + 638. Suppose -z + 133 = -d. Calculate the highest common divisor of d and 6.
6
Suppose -2*a = 3*a - 440. Let f = 428 - 403. Suppose 0 = n + f - a. Calculate the greatest common factor of 84 and n.
21
Let o = -62 - -62. Suppose o = 6*s + 7*s - 8372. Let x be s/16 - (-1)/(-4). Calculate the greatest common factor of x and 60.
20
Let d(f) = 82*f**2 + 399*f - 1. Let o be d(-5). What is the greatest common factor of o and 1557?
9
Let t be (915 + 8)*(4 + -3). Suppose -5*s - 3*m = -t, -2*s - m = -6*s + 735. Calculate the greatest common divisor of s and 16.
8
Let c(v) be the first derivative of -v**3/3 + 6*v**2 + 15*v + 4. Let k be c(0). Calculate the greatest common divisor of 120 and k.
15
Let w(h) = -2*h**2 + h**2 - 2*h + h - 18*h - 13. Let i be w(-18). Let p = 13 + i. Calculate the greatest common factor of 36 and p.
18
Let v(t) = -12*t - 568. Let h be v(-70). What is the greatest common divisor of 119 and h?
17
Let p = -353 + 177. Let y = 191 + p. What is the highest common divisor of y and 25?
5
Let o = 398 + -393. Let v = -5 + 10. Suppose -s = 2*g + s - 38, v*s = 3*g - 25. Calculate the highest common divisor of o and g.
5
Let g(f) = -937*f - 2970. Let a be g(-10). Calculate the greatest common divisor of 50 and a.
50
Suppose -41*t = 3*y - 44*t - 106251, 0 = 4*y - 2*t - 141656. What is the highest common factor of 17 and y?
17
Let s = -497 - -502. Suppose -1 = -s*z + 19, 4*r + 4*z - 40 = 0. Let l = 221 + -131. What is the highest common factor of r and l?
6
Let f = 17 + 27. Suppose -5*t + 343 = 3*y, 480 = 4*y - 14*t + 15*t. What is the highest common factor of y and f?
11
Suppose 489*z + 80445 = 86313. Let t = 242 + -158. Calculate the greatest common divisor of t and z.
12
Let t = -2 - -2. Let m(y) = y + 27. Let v be m(-22). Suppose t = 2*n - 23 - v. Calculate the greatest common factor of 42 and n.
14
Let o be ((-460)/(-15) - 13/(-39)) + -6. What is the highest common divisor of 2425 and o?
25
Suppose 4*w - 22 = 2*m, 5*w + 2*m = m + 17. Let v be (-6)/w*(-276)/(-18). Let h = v + 50. Calculate the highest common factor of 9 and h.
9
Suppose 0 = -m + 3*p + 229, -4*m - 5*p = -591 - 274. Suppose 0 = 8*u - 381 + 29. What is the highest common factor of u and m?
44
Let m = -47 + 121. Let x(f) = -4*f**3 + 9*f**2 + 14*f + 11. Let g be x(-5). What is the highest common factor of m and g?
74
Let y = 2843 + -2315. Let m = 97 + -64. What is the greatest common factor of m and y?
33
Let g(c) = -c**2 + 4*c - 3. Let m be g(1). Suppose -13*l + 11*l - 116 = -x, 5*x - 3*l - 559 = m. Calculate the greatest common divisor of 30 and x.
10
Suppose 0 = 15*f - 2*f - 12272. Suppose -1904 = -4*i - 4*x, -2*i + f = 3*x + x. Calculate the greatest common factor of i and 60.
60
Suppose s + b - 261 = 0, 0 =